*g + 8*g - 3185, 0 = -3*g + 2*j + 1907. List the prime factors of g.
3, 71
Let q(c) = -6*c**2 + 6*c. Let b be q(1). Suppose -5*d + 3*p + 2*p = 56835, d - 4*p + 11364 = b. What are the prime factors of d/(-63) + (-8)/18?
2, 3, 5
Suppose -82*k - 4*k + 1714926 = 0. List the prime factors of k.
3, 17, 23
Suppose -p = 8*v - 9*v - 4991, -24947 = -5*p + 3*v. What are the prime factors of p?
4987
Let x(t) = -t + 24. Let u be x(22). Suppose -3*b + 1691 = -5*y, -u*b - y = -3*y - 1122. What are the prime factors of b?
557
Let q be -14*(6/28 - 3/6). Let z be -4 - (-4 - (448 - q)). Suppose -5*h - 795 = -4*v, 5*v - 1407 + z = -4*h. What are the prime factors of v?
3, 5, 13
Suppose -10 = 4*s + 2. Let f = 119 + 56. Let w = f - s. List the prime factors of w.
2, 89
Let h(i) = -i**3 + 3*i**2 + i - 3. Let y be h(3). Suppose y = 5*k - 4*k. Suppose -5*j + k*j - 343 = -4*n, 0 = -n + 4*j + 94. List the prime factors of n.
2, 41
Let u(x) = 66*x**2 + 6. Let o be u(3). Suppose -8*r = -6*r - o. Let f = 512 - r. List the prime factors of f.
2, 53
Let a = 18363 - 6218. What are the prime factors of a?
5, 7, 347
Let y(f) be the third derivative of f**5/10 - 17*f**4/6 - 8*f**3/3 + 261*f**2. List the prime factors of y(18).
2, 11
Let p(t) = -435*t + 5385. List the prime factors of p(-117).
2, 3, 5, 7, 67
Suppose -4*t + 76 - 56 = 0. Suppose 3*n - 5*n = v + 12, -36 = 3*v - t*n. What are the prime factors of 2/3 + (-748)/v?
3, 7
Suppose j + 4*z = 220, 0 = -5*j - 4*z - 334 + 1402. Suppose -2*l + j = -218. What are the prime factors of l?
5, 43
Let d(s) = -54*s**2 - 4*s - 1. Let l(o) = 1. Let h(n) = d(n) + 4*l(n). Let a be h(2). Let k = a - -326. List the prime factors of k.
3, 5, 7
Let l be -8 + -2 - 1/(-1). Let c(p) = p - 1. Let s(y) = -y**2 - 3*y - 45. Let a(o) = 6*c(o) - s(o). List the prime factors of a(l).
3, 13
Suppose 17291 - 11153 = 2*h. What are the prime factors of h?
3, 11, 31
Let u(w) = -10*w + 27. Suppose q - 2 = 3*q + 5*y, -2*q - 3*y = 6. Let m(b) = b**2 + 7*b - 1. Let d be m(q). What are the prime factors of u(d)?
97
Let u = -4 + 7. Suppose -6*p = u*p - 1530. Let d = p - 48. List the prime factors of d.
2, 61
Let v(a) = 14*a**2 + 13*a - 110. List the prime factors of v(-13).
2087
Let u = -7 - -14. Suppose 1304 = u*t - 26. List the prime factors of t.
2, 5, 19
Let u(b) = -b**2 + 13*b + 32. Let k be u(16). Let n be (110/3)/(k/(-144)). Suppose -5*g + 3*o + 158 = -n, 0 = 5*o + 5. List the prime factors of g.
97
Suppose 4*p + p = -h + 9456, 9474 = h - p. Let d = -5421 + h. What are the prime factors of (8/(-10))/(15/(d/(-12)))?
2, 3
Suppose 0*o = -9*o + 12485 + 14182. List the prime factors of o.
2963
Suppose 13 = 5*d + 4*r + 1, -4*r - 16 = -2*d. Suppose 3086 = 11*z - 7*z - 3*p, d*z - p = 3082. List the prime factors of z.
2, 5, 7, 11
Let a(w) = 968*w + 154. What are the prime factors of a(1)?
2, 3, 11, 17
Suppose -4*c + 128444 = -5*z, 128476 = 4*c - 9*z + 8*z. List the prime factors of c.
3, 43, 83
Let d be (-35)/28 - (-596)/16. Let y be -1 - 0 - -1*19. Let f = d - y. List the prime factors of f.
2, 3
Let c(o) = -5*o**2 + 2*o + 11. Let a(i) = 11*i**2 - 4*i - 23. Let b(l) = 3*a(l) + 5*c(l). Let d = 343 - 338. List the prime factors of b(d).
2, 11
Suppose -76*z + 75*z = -5*m - 1703, 3*m = 3. What are the prime factors of z?
2, 7, 61
Let r(w) = 13*w**2 - 20*w - 43. Let k(p) = p**2 + 18*p + 76. Let o be k(-8). What are the prime factors of r(o)?
5, 7
Suppose 108*r - 1232301 = -39*r. What are the prime factors of r?
83, 101
Let r = 121 - -5778. What are the prime factors of r?
17, 347
Suppose -3*t - 11 = 484. Let i = t - -448. List the prime factors of i.
283
Let v(t) = -19*t**2 + t - 3. Let c(i) = -9*i**2 + i - 2. Suppose 0 = 2*w + w + 9. Let z(n) = w*v(n) + 5*c(n). List the prime factors of z(-2).
43
Suppose -2*v + 16 = 2*t, 6*t + 80 = 5*v + t. Let s(r) = 5*r**2 - 26*r + 12*r - 3 + v*r + 5*r. List the prime factors of s(-4).
5, 13
Let v(y) = -2422*y + 2270. List the prime factors of v(-30).
2, 5, 59, 127
Suppose -1367*x = -1372*x - 325. List the prime factors of (1599/x)/((-9)/(-30)*-1).
2, 41
Let a be (-6 + 3)/3 + -1. List the prime factors of -58*(a/1 + 36/(-24)).
7, 29
Suppose -2*v + 5*v = 9, -3*f - 3*v + 27687 = 0. List the prime factors of f.
2, 7, 659
Suppose 3*o + 2*p = 187, -317 = -5*o - 0*p + 2*p. Let n be ((-10)/(12 + -7))/(-1). Suppose 35 = x - 3*q, x - o = -n*x - 5*q. List the prime factors of x.
2, 13
Suppose 122*s + 33*s - 6424595 = 0. What are the prime factors of s?
181, 229
Suppose 0 = 43*a - 73599 - 303081. List the prime factors of a.
2, 3, 5, 73
Let w = 5392 + 30547. List the prime factors of w.
83, 433
Suppose 0 = 6*z + 46 + 2. Let d be z + 12 - (-1013 - -1). Suppose 5*u = -6 + d. List the prime factors of u.
2, 101
Suppose 253*h = 251*h + 8. Suppose -h*f + 5348 = 7*w - 3*w, 3*w = 5*f - 6653. What are the prime factors of f?
31, 43
Suppose 4*x + 4 = 6*x, -4*f + 16 = -2*x. Suppose 0 = f*o + 2*o - 3024. What are the prime factors of o?
2, 3
Let z(r) = 734*r**2 + 53*r - 75. List the prime factors of z(-8).
46477
Suppose -86*p = -85*p - 3*o - 6058, 0 = -o - 6. List the prime factors of p.
2, 5, 151
Suppose -23*d + 32 = -19*d. Suppose y - d*y = -y. Suppose 5*j + 5*q - 249 = -39, y = -4*j - 2*q + 170. What are the prime factors of j?
43
Suppose -619 - 1499 = -6*j. Let y = j - -480. What are the prime factors of y?
7, 17
Let w(p) = 16*p - 1. Let m be w(2). Let n(k) = 27*k + 324. Let v be n(-12). Let f = m + v. List the prime factors of f.
31
Let f(i) = -i**2 + 14*i - 45. Let n be f(6). Suppose -n*a + 7*z = 3*z - 280, -5*a = 4*z - 488. What are the prime factors of a?
2, 3
Let q be (-87)/3 + -1 + 0. Let o = -25 - q. Suppose 0 = 3*l - o*s - 50, -4*s + 28 = l - 0*s. List the prime factors of l.
2, 5
Let m = -20 + 22. Suppose -26 = -m*g - 24. What are the prime factors of g - (3 - (207 - 1))?
2, 3, 17
Let k(p) be the second derivative of 5*p**3/6 + 8*p**2 - 10*p. Let a(y) = -y**2 + 2*y + 14. Let u be a(0). What are the prime factors of k(u)?
2, 43
Let x(r) be the first derivative of 4*r**3/3 - 111*r**2/2 - 26*r - 207. List the prime factors of x(32).
2, 7, 37
Let p(u) be the third derivative of 0*u + 13/6*u**3 - 10*u**2 - 29/24*u**4 + 0. List the prime factors of p(-3).
2, 5
Let n(g) = 8*g + 96. Let w be n(-29). Let l = w + 198. What are the prime factors of l?
2, 31
Let q be -6 + 5/10*-490. Let j = q - -810. What are the prime factors of j?
13, 43
Suppose 1214*k = 1162*k + 2495777 + 629423. What are the prime factors of k?
2, 5, 601
Let f(y) be the first derivative of 16*y**3/3 - 7*y**2/2 + 3*y - 57. List the prime factors of f(6).
3, 179
What are the prime factors of (3933/23)/(5/30)?
2, 3, 19
Let k = 15 - 15. Suppose k*m + 5 = m. Suppose 5*q - m*t - 75 = 0, -7*q + 4*q = 5*t - 61. What are the prime factors of q?
17
Suppose 2*z + 2288580 = -2*z + 39*z. List the prime factors of z.
2, 3, 5449
Let y = 4966 + 4226. What are the prime factors of y?
2, 3, 383
Let w(u) = 6*u + 34. Let q be w(-5). Suppose 4*n = 2*o + 1172, -2*n - 62 = -q*o - 636. List the prime factors of n.
5, 59
Suppose 16 = -5*h + 1, 4*p - 4*h = 19144. List the prime factors of p.
4783
Suppose -60*k - 6 = -61*k. Suppose 3930 = -0*s + k*s. List the prime factors of s.
5, 131
Suppose 36*m = 33*m + 6. Suppose 2*o + 0*o + m*v = 864, 1728 = 4*o - 2*v. What are the prime factors of o?
2, 3
Let v be 8/(-36) - -29*(-5)/(-45). Suppose 0 = -3*s + 9, -2*s = -c + v*s + 401. What are the prime factors of c?
2, 13
Let p = -43 + 43. Suppose p = 4*i - 7*i. Suppose 3*f - d = 337, i = d + 4 - 0. What are the prime factors of f?
3, 37
Let h(t) = 2712*t**2 + 28*t - 86. List the prime factors of h(3).
2, 12203
Suppose 0 = -4*l + 3*c + c - 32, c + 34 = -5*l. Let y be 2 + 0/(l + 3). What are the prime factors of (-1456)/(-32)*(0 + y)?
7, 13
Let v(d) = -953*d - 1808. List the prime factors of v(-15).
12487
Let d(x) = 56718*x**3 + 94*x - 95. What are the prime factors of d(1)?
43, 1319
Let a = 277 - 168. Suppose -5*v + 2 = -13. Suppose -54 = -d - v*l, 5*d + 5*l - 369 + a = 0. What are the prime factors of d?
3, 17
Let a(q) = 73*q + 2. Let h be 1*(-2)/(-6) - 536/(-201). List the prime factors of a(h).
13, 17
Suppose 186 = 8*r + 42. Suppose 117*k = 118*k + r. What are the prime factors of (k*4/(-8))/((-2)/(-8))?
2, 3
